tors of x(9).
10687
Let f(b) = -868*b**3 + b**2 + 3*b + 3. Let v be f(-1). Let h = v - 411. What are the prime factors of h?
2, 229
Let u(b) = -b**3 - 18*b**2 - 27*b + 23. Let h be u(-12). Let l = h + 1650. List the prime factors of l.
11, 103
Suppose 19*w = -46132 + 165604. Suppose 0 = 11*c - w - 884. List the prime factors of c.
2, 163
Let h(s) = 2*s**3 + 9*s**2 + s - 2. Let j be h(-4). Let u be (-12)/(-15) + 7792/j. List the prime factors of (5 + (-138)/30)/(3/u).
2, 13
Suppose 0 = p - 1, -3*p = 5*d - 8*p + 47910. Let h = d + 15137. What are the prime factors of h/66 + 8/(-44)?
2, 3, 7
Let t = -10 - -903. Let i = -503 + t. Let f = -215 + i. What are the prime factors of f?
5, 7
Let x(f) = 5*f + 10. Suppose d - 19 = -d - 5*w, -4*d + 4*w - 4 = 0. Let p be (4/(40/(-45)))/((-1)/d). List the prime factors of x(p).
5, 11
Let s(m) = 41*m**2 - 17*m - 7. Let w(k) = 40*k**2 - 21*k - 8. Let n(f) = 3*s(f) - 2*w(f). What are the prime factors of n(-4)?
719
Let b be ((-24)/4)/(3/14). Suppose -4*o + 3*o + 1 = 0. List the prime factors of (7/b)/(o/(-236)).
59
Suppose 0 = -0*r - 4*r + 4*y + 2460, -5*y + 2442 = 4*r. List the prime factors of r - 6/(-18)*(2 + 1).
2, 307
Let m = 117 + -115. Suppose -6*l = -2*c - 4*l + 1020, m*l = -3*c + 1525. List the prime factors of c.
509
Suppose -k - 3*d = -d - 14, -d + 21 = 4*k. Suppose -4*a = k*n - 1056, -2*n + a + 532 = -a. What are the prime factors of n?
5, 53
Let g be 42/(-35)*(-2 - (-3 - -16)). Let l = 1623 + g. What are the prime factors of l?
3, 547
What are the prime factors of (14006/(-447))/(1 - -209*(-2)/417)?
2, 47, 139
Let i(b) = -1. Let w(m) = -120*m - 24. Let l(u) = 8*i(u) + w(u). What are the prime factors of l(-5)?
2, 71
Let v(m) = 5*m**2 + 49*m + 1021. List the prime factors of v(-29).
5, 761
Suppose 11*m + 9433 = -5593. Let n = -558 - m. List the prime factors of n.
2, 101
Suppose -88*g + 2308446 - 457146 = -3*g. List the prime factors of g.
2, 3, 5, 11
Let g be (-2*2/6)/(24/36). Let m(b) = -9*b - 3. Let p be m(g). Suppose -4*k - 4*f - 226 = -p*k, -5*f + 413 = 4*k. List the prime factors of k.
107
Suppose 7 - 3 = 2*o, -2*o + 84 = 5*g. Let x = g + -8. Suppose -u = -20 + x. What are the prime factors of u?
2, 3
Let d be (-20)/(-5) - (-2 + 6 - 2). Suppose d*f - 952 = 356. What are the prime factors of f?
2, 3, 109
Suppose 0 = -2*m + 8*j + 10588, 4*j = -178*m + 182*m - 21116. List the prime factors of m.
2, 3, 293
Let y(a) = 534*a - 236. List the prime factors of y(9).
2, 5, 457
Suppose -l + 2*l = -2*i + 10, -9 = i - 3*l. Suppose -9 = 3*w, i*w - 9 = -5*h + 7. Suppose 0 = h*o - 132 - 478. List the prime factors of o.
2, 61
What are the prime factors of (-32)/(-24)*(-2 - (-33695)/10)?
2, 5, 449
Let y(i) = -i**3 - 3*i**2 - 4*i - 10. Let k be y(-4). Suppose 338 = 23*d - k*d. Suppose -182 - d = -4*o. List the prime factors of o.
2, 5, 13
Let d = 6835 - 1443. List the prime factors of d.
2, 337
Suppose -5*c - 1754 = 2*r - 6*r, 5*r - 705 = 2*c. Let x = c - -621. Let p = x + -51. What are the prime factors of p?
2, 5, 11
Let o(x) = 2*x**2 + 5*x - 3. Let q be o(-3). Suppose -101*j + 103*j + 12 = q. List the prime factors of (-435)/j - 1/(3 + -1).
2, 3
Suppose 5*c - 25 = 0, 2*a + 3*c - 934 = a. Let t = a + -542. List the prime factors of t.
13, 29
Suppose 11*g + 28*g - 195 = 0. Suppose 3*z - 3*r - 222 = 0, 5*z + g*r - 206 = 2*z. List the prime factors of z.
2, 3
Let y(s) = -4*s - 30. Let z be y(-8). Suppose -5 = -5*f, -z*f - 585 + 105 = -t. What are the prime factors of t?
2, 241
Let c(w) = -2*w**3 + 2*w**2 + 1465. List the prime factors of c(0).
5, 293
Suppose j - 336 = 4*j. Let d = 223 - 140. Let q = d - j. What are the prime factors of q?
3, 5, 13
Let q be (2 - 1)/2*0. Let l(f) be the second derivative of -f**4/12 - f**3/6 + 53*f**2/2 + 18*f. List the prime factors of l(q).
53
Let o = -9570 + 23937. Suppose 403 = 14*b - o. List the prime factors of b.
5, 211
Suppose -242159 = -4*z + 3*v, -4*v + 6 = 10. What are the prime factors of z?
60539
Suppose -2*p + 6122 = 2*n, 3*p - 9183 = 103*n - 104*n. List the prime factors of p.
3061
Let s(y) be the second derivative of 1/6*y**3 + 23/2*y**2 + 14*y + 0. List the prime factors of s(-8).
3, 5
List the prime factors of (((-14893)/(-2))/(11/(-22)))/(2 + -3).
53, 281
Suppose -644*b + 639*b = -92835. What are the prime factors of b?
3, 2063
Let r = 1752 - 3266. Let u = -930 - r. What are the prime factors of u?
2, 73
Suppose -2*a - 14 = -2*b + 128, b - 4*a - 71 = 0. Let q = 59 + b. List the prime factors of q.
2, 5, 13
Let t(h) be the first derivative of -2*h**2 - 5/3*h**3 - 2*h + 1/4*h**4 + 27. List the prime factors of t(6).
2, 5
Let t = 2807 + -2802. Suppose -4*p = 81 - 1. What are the prime factors of (-3608)/p - 2/t?
2, 3, 5
Suppose -220*k = -1810275 - 308985. What are the prime factors of k?
3, 13, 19
Suppose -4*l - 2740 = -m + 607, 4*m - 4*l = 13376. What are the prime factors of m?
3343
Let l be -1 + (-2)/(-3) - 38/(-6). Let t be (l + -16)/((-1)/37). Suppose -2*i = 3*h - 466, 2*h + 3*i + 51 - t = 0. List the prime factors of h.
2, 19
Let o = 2762 + 4933. List the prime factors of o.
3, 5, 19
Let s(k) = -3*k**3 - 31*k**2 + 2*k + 4. Let u(q) = -4*q**3 - 31*q**2 + 2*q + 4. Let t(p) = 5*s(p) - 4*u(p). What are the prime factors of t(31)?
2, 3, 11
Let m(d) = d**3 - 7*d**2 + 5*d. Let u be m(6). Let n(b) = 48*b + 47. Let s(q) = 16*q + 16. Let k(h) = u*n(h) + 17*s(h). What are the prime factors of k(-6)?
2, 43
Let y be -1749*(-1 + 16/24). Let x = -551 + y. List the prime factors of x.
2
Suppose 85*b = -106*b + 717547 + 3405570. What are the prime factors of b?
21587
List the prime factors of 4/(-30) + (0 + 1)*1935768/360.
19, 283
Suppose -16 = 2*x + 24. Let b be 22/(-1 + (-12)/x). Let v = b - -134. What are the prime factors of v?
79
Let t(o) = 68*o + 57. Suppose -10*b + 6*b + 5*j = -100, 0 = b + 3*j - 8. What are the prime factors of t(b)?
13, 109
Let z(h) = -h**3 - 12*h**2 + 2*h + 23. Let f be z(-12). Let g(v) = 1072*v**2 - 20*v - 1. List the prime factors of g(f).
1091
Let n(u) = 34*u - 60. Suppose 0*z + 10 = z. What are the prime factors of n(z)?
2, 5, 7
Suppose 3*s = 2*k - k + 31665, -3*s + 8*k + 31707 = 0. List the prime factors of s.
61, 173
Let v(i) = i**3 + 29*i**2 + 8*i + 73. Let c(m) = -2*m**3 - 54*m**2 - 16*m - 146. Let h(x) = 3*c(x) + 5*v(x). What are the prime factors of h(-18)?
5, 79
Let k be (((-4)/6)/(-2))/(2/42). Let x be (14/4)/k*(1 + 11). Suppose -40 = 5*r - x*r. List the prime factors of r.
2, 5
What are the prime factors of (242115/20)/((1/(-20))/((-126)/945))?
2, 16141
Let z(a) = 24*a**2 + 48*a + 2. List the prime factors of z(4).
2, 17
Let o(v) = 2756*v**2 - 140*v - 7. What are the prime factors of o(3)?
19, 1283
Let f(i) = -i + 3. Let v be f(-2). Suppose 7*h = v*h - 2. List the prime factors of (-2 - (-1 + -26)*4) + h.
3, 5, 7
Let p be (1 + 2 + -1)/2 + 3. Let x(l) = 14*l + 5. Let u(a) = -1. Let w(v) = p*u(v) + x(v). List the prime factors of w(9).
127
Let i(p) = -11019*p**3 + 2*p**2 + 21*p + 44. What are the prime factors of i(-2)?
2, 17, 2593
Let n = -43 + 45. Suppose -3*s = -5*r + 10, r = n*s - s + 4. What are the prime factors of (r + -3 + 1)/((-6)/44)?
2, 11
Suppose 2*b + 11*b = 325. Let y(f) = 8*f - 2. What are the prime factors of y(b)?
2, 3, 11
Suppose 2*a - 126 = -5*w + w, 0 = 2*w - 4*a - 48. Let o = 167 + w. List the prime factors of o.
197
Let o = -46213 - -72764. What are the prime factors of o?
7, 3793
Let o(q) = -43*q + 23. Let i(x) = -17*x**2 - 7*x + 8. Let n be i(1). List the prime factors of o(n).
3, 79
Suppose 0 = 3*r + 6*r + 27. Let w be (-2)/r*945/10. Suppose 3*q + w - 417 = 0. What are the prime factors of q?
2, 59
Suppose 223*k = 232*k - 972. Let f(o) = -o**3 + 4*o**2 + o. Let u be f(3). Suppose -4*m + k = -u. What are the prime factors of m?
2, 3, 5
Let g = -314 + 255. List the prime factors of -1 - 3 - 7257/g.
7, 17
What are the prime factors of -53 + (7151 - -38) - (1 - 13)?
2, 1787
Suppose s + 5*l = 30883, s - 36*l = -34*l + 30841. List the prime factors of s.
30853
Let i(r) = -13*r**3 - 3*r**2 + r + 1. Suppose -32 = 2*h - 34. Let b be i(h). Let c = 21 + b. What are the prime factors of c?
7
Suppose -3*f = 2*i - 676, 0*i = -3*i + 2*f + 1040. Suppose 12*w = 16*w - i. List the prime factors of w.
2, 43
Suppose 47 - 33 = 14*